{"id":15,"date":"2021-01-06T14:18:42","date_gmt":"2021-01-06T14:18:42","guid":{"rendered":"https:\/\/hemashellhounds.at\/?page_id=15"},"modified":"2023-06-12T11:17:27","modified_gmt":"2023-06-12T11:17:27","slug":"contact","status":"publish","type":"page","link":"https:\/\/hemashellhounds.at\/index.php\/contact\/","title":{"rendered":"Contact &#038; Impressum"},"content":{"rendered":"\n<p class=\"has-text-align-center\"><strong>Karin Lichtenauer &amp; Florian Schellhorn<\/strong><\/p>\n\n\n\n<p class=\"has-text-align-center\">Seeschlachten 19<br>A-2452 Mannersdorf am Leithagebirge<br>Austria<\/p>\n\n\n\n<p class=\"has-text-align-center\">+43&nbsp;676 660 89 26<\/p>\n\n\n\n<p class=\"has-text-align-center\">office(at)fotocorner.eu<\/p>\n\n\n\n<p><\/p>\n\n\n\n<p><strong>Impressum <\/strong><\/p>\n\n\n\n<p><strong>Copyright<\/strong><br>Das Layout der Homepage, die verwendeten Grafiken und Bilder, die Sammlung sowie einzelnen Beitr\u00e4ge sind urheberrechtlich gesch\u00fctzt. Alle Rechte, auch die der fotomechanischen Wiedergabe, der Vervielf\u00e4ltigung und der Verbreitung, auch teilweise, ist untersagt.<\/p>\n\n\n\n<p><strong>Externe Verweise und Links<\/strong><br>F\u00fcr alle Links gilt: Der Inhaber von \u201eka-ul-lis-ridges.com\u201c hat keinen Einfluss auf Gestaltung und Inhalt fremder Internetseiten. Eine Haftung f\u00fcr die verlinkten Seiten wird daher ausgeschlossen. Diese Erkl\u00e4rung gilt f\u00fcr alle auf dieser Homepage angezeigten Links und f\u00fcr alle Inhalte der Seiten, zu denen die Links f\u00fchren.<\/p>\n\n\n\n<p><strong>Datenschutz<\/strong><br>Sofern innerhalb dieser Seiten die M\u00f6glichkeit der Eingabe von pers\u00f6nlichen Daten (E-Mailadresse, Name, Anschrift) besteht, erfolgt diese freiwillig. Der Inhaber dieser Seiten erkl\u00e4rt ausdr\u00fccklich, dass diese Daten nicht an Dritte weitergegeben werden.<\/p>\n\n\n\n<p><strong>Rechtswirksamkeit<\/strong><br>Sofern einzelne Formulierungen oder Teile dieses Textes der geltenden Rechtslage nicht mehr oder nicht mehr vollst\u00e4ndig entsprechen, bleiben die \u00fcbrigen Teile dieser Erkl\u00e4rung davon unber\u00fchrt.<\/p>\n","protected":false},"excerpt":{"rendered":"<p>Karin Lichtenauer &amp; Florian Schellhorn Seeschlachten 19A-2452 Mannersdorf am LeithagebirgeAustria +43&nbsp;676 660 89 26 office(at)fotocorner.eu Impressum CopyrightDas Layout der Homepage, die verwendeten Grafiken und Bilder, die Sammlung sowie einzelnen Beitr\u00e4ge sind urheberrechtlich gesch\u00fctzt. Alle Rechte, auch die der fotomechanischen Wiedergabe, der Vervielf\u00e4ltigung und der Verbreitung, auch teilweise, ist untersagt. Externe Verweise und LinksF\u00fcr alle Links [&hellip;]<\/p>\n","protected":false},"author":1,"featured_media":0,"parent":0,"menu_order":0,"comment_status":"closed","ping_status":"closed","template":"","meta":{"_monsterinsights_skip_tracking":false,"_monsterinsights_sitenote_active":false,"_monsterinsights_sitenote_note":"","_monsterinsights_sitenote_category":0,"footnotes":""},"class_list":["post-15","page","type-page","status-publish","hentry"],"yoast_head":"<!-- This site is optimized with the Yoast SEO plugin v27.4 - https:\/\/yoast.com\/product\/yoast-seo-wordpress\/ -->\n<title>Contact &amp; Impressum - Hemas Hellhounds<\/title>\n<meta name=\"robots\" content=\"index, follow, max-snippet:-1, max-image-preview:large, max-video-preview:-1\" \/>\n<link rel=\"canonical\" href=\"https:\/\/hemashellhounds.at\/index.php\/contact\/\" \/>\n<meta property=\"og:locale\" content=\"de_DE\" \/>\n<meta property=\"og:type\" content=\"article\" \/>\n<meta property=\"og:title\" content=\"Contact &amp; Impressum - Hemas Hellhounds\" \/>\n<meta property=\"og:description\" content=\"Karin Lichtenauer &amp; Florian Schellhorn Seeschlachten 19A-2452 Mannersdorf am LeithagebirgeAustria +43&nbsp;676 660 89 26 office(at)fotocorner.eu Impressum CopyrightDas Layout der Homepage, die verwendeten Grafiken und Bilder, die Sammlung sowie einzelnen Beitr\u00e4ge sind urheberrechtlich gesch\u00fctzt. Alle Rechte, auch die der fotomechanischen Wiedergabe, der Vervielf\u00e4ltigung und der Verbreitung, auch teilweise, ist untersagt. Externe Verweise und LinksF\u00fcr alle Links [&hellip;]\" \/>\n<meta property=\"og:url\" content=\"https:\/\/hemashellhounds.at\/index.php\/contact\/\" \/>\n<meta property=\"og:site_name\" content=\"Hemas Hellhounds\" \/>\n<meta property=\"article:modified_time\" content=\"2023-06-12T11:17:27+00:00\" \/>\n<meta name=\"twitter:card\" content=\"summary_large_image\" \/>\n<meta name=\"twitter:label1\" content=\"Gesch\u00e4tzte Lesezeit\" \/>\n\t<meta name=\"twitter:data1\" content=\"1\u00a0Minute\" \/>\n<script type=\"application\/ld+json\" class=\"yoast-schema-graph\">{\"@context\":\"https:\\\/\\\/schema.org\",\"@graph\":[{\"@type\":\"WebPage\",\"@id\":\"https:\\\/\\\/hemashellhounds.at\\\/index.php\\\/contact\\\/\",\"url\":\"https:\\\/\\\/hemashellhounds.at\\\/index.php\\\/contact\\\/\",\"name\":\"Contact & Impressum - Hemas Hellhounds\",\"isPartOf\":{\"@id\":\"https:\\\/\\\/hemashellhounds.at\\\/#website\"},\"datePublished\":\"2021-01-06T14:18:42+00:00\",\"dateModified\":\"2023-06-12T11:17:27+00:00\",\"breadcrumb\":{\"@id\":\"https:\\\/\\\/hemashellhounds.at\\\/index.php\\\/contact\\\/#breadcrumb\"},\"inLanguage\":\"de\",\"potentialAction\":[{\"@type\":\"ReadAction\",\"target\":[\"https:\\\/\\\/hemashellhounds.at\\\/index.php\\\/contact\\\/\"]}]},{\"@type\":\"BreadcrumbList\",\"@id\":\"https:\\\/\\\/hemashellhounds.at\\\/index.php\\\/contact\\\/#breadcrumb\",\"itemListElement\":[{\"@type\":\"ListItem\",\"position\":1,\"name\":\"Startseite\",\"item\":\"https:\\\/\\\/hemashellhounds.at\\\/\"},{\"@type\":\"ListItem\",\"position\":2,\"name\":\"Contact &#038; Impressum\"}]},{\"@type\":\"WebSite\",\"@id\":\"https:\\\/\\\/hemashellhounds.at\\\/#website\",\"url\":\"https:\\\/\\\/hemashellhounds.at\\\/\",\"name\":\"Hemas Hellhounds\",\"description\":\"Welcome to our Rhodesian Ridgeback Kennel\",\"publisher\":{\"@id\":\"https:\\\/\\\/hemashellhounds.at\\\/#\\\/schema\\\/person\\\/445e3bc142ad6bda7885a9cd91aec021\"},\"potentialAction\":[{\"@type\":\"SearchAction\",\"target\":{\"@type\":\"EntryPoint\",\"urlTemplate\":\"https:\\\/\\\/hemashellhounds.at\\\/?s={search_term_string}\"},\"query-input\":{\"@type\":\"PropertyValueSpecification\",\"valueRequired\":true,\"valueName\":\"search_term_string\"}}],\"inLanguage\":\"de\"},{\"@type\":[\"Person\",\"Organization\"],\"@id\":\"https:\\\/\\\/hemashellhounds.at\\\/#\\\/schema\\\/person\\\/445e3bc142ad6bda7885a9cd91aec021\",\"name\":\"admin\",\"image\":{\"@type\":\"ImageObject\",\"inLanguage\":\"de\",\"@id\":\"https:\\\/\\\/hemashellhounds.at\\\/wp-content\\\/uploads\\\/2021\\\/08\\\/IMG_2028.jpg\",\"url\":\"https:\\\/\\\/hemashellhounds.at\\\/wp-content\\\/uploads\\\/2021\\\/08\\\/IMG_2028.jpg\",\"contentUrl\":\"https:\\\/\\\/hemashellhounds.at\\\/wp-content\\\/uploads\\\/2021\\\/08\\\/IMG_2028.jpg\",\"width\":1000,\"height\":745,\"caption\":\"admin\"},\"logo\":{\"@id\":\"https:\\\/\\\/hemashellhounds.at\\\/wp-content\\\/uploads\\\/2021\\\/08\\\/IMG_2028.jpg\"},\"sameAs\":[\"https:\\\/\\\/hemashellhounds.at\"]}]}<\/script>\n<!-- \/ Yoast SEO plugin. -->","yoast_head_json":{"title":"Contact & Impressum - Hemas Hellhounds","robots":{"index":"index","follow":"follow","max-snippet":"max-snippet:-1","max-image-preview":"max-image-preview:large","max-video-preview":"max-video-preview:-1"},"canonical":"https:\/\/hemashellhounds.at\/index.php\/contact\/","og_locale":"de_DE","og_type":"article","og_title":"Contact & Impressum - Hemas Hellhounds","og_description":"Karin Lichtenauer &amp; Florian Schellhorn Seeschlachten 19A-2452 Mannersdorf am LeithagebirgeAustria +43&nbsp;676 660 89 26 office(at)fotocorner.eu Impressum CopyrightDas Layout der Homepage, die verwendeten Grafiken und Bilder, die Sammlung sowie einzelnen Beitr\u00e4ge sind urheberrechtlich gesch\u00fctzt. Alle Rechte, auch die der fotomechanischen Wiedergabe, der Vervielf\u00e4ltigung und der Verbreitung, auch teilweise, ist untersagt. Externe Verweise und LinksF\u00fcr alle Links [&hellip;]","og_url":"https:\/\/hemashellhounds.at\/index.php\/contact\/","og_site_name":"Hemas Hellhounds","article_modified_time":"2023-06-12T11:17:27+00:00","twitter_card":"summary_large_image","twitter_misc":{"Gesch\u00e4tzte Lesezeit":"1\u00a0Minute"},"schema":{"@context":"https:\/\/schema.org","@graph":[{"@type":"WebPage","@id":"https:\/\/hemashellhounds.at\/index.php\/contact\/","url":"https:\/\/hemashellhounds.at\/index.php\/contact\/","name":"Contact & Impressum - Hemas Hellhounds","isPartOf":{"@id":"https:\/\/hemashellhounds.at\/#website"},"datePublished":"2021-01-06T14:18:42+00:00","dateModified":"2023-06-12T11:17:27+00:00","breadcrumb":{"@id":"https:\/\/hemashellhounds.at\/index.php\/contact\/#breadcrumb"},"inLanguage":"de","potentialAction":[{"@type":"ReadAction","target":["https:\/\/hemashellhounds.at\/index.php\/contact\/"]}]},{"@type":"BreadcrumbList","@id":"https:\/\/hemashellhounds.at\/index.php\/contact\/#breadcrumb","itemListElement":[{"@type":"ListItem","position":1,"name":"Startseite","item":"https:\/\/hemashellhounds.at\/"},{"@type":"ListItem","position":2,"name":"Contact &#038; Impressum"}]},{"@type":"WebSite","@id":"https:\/\/hemashellhounds.at\/#website","url":"https:\/\/hemashellhounds.at\/","name":"Hemas Hellhounds","description":"Welcome to our Rhodesian Ridgeback Kennel","publisher":{"@id":"https:\/\/hemashellhounds.at\/#\/schema\/person\/445e3bc142ad6bda7885a9cd91aec021"},"potentialAction":[{"@type":"SearchAction","target":{"@type":"EntryPoint","urlTemplate":"https:\/\/hemashellhounds.at\/?s={search_term_string}"},"query-input":{"@type":"PropertyValueSpecification","valueRequired":true,"valueName":"search_term_string"}}],"inLanguage":"de"},{"@type":["Person","Organization"],"@id":"https:\/\/hemashellhounds.at\/#\/schema\/person\/445e3bc142ad6bda7885a9cd91aec021","name":"admin","image":{"@type":"ImageObject","inLanguage":"de","@id":"https:\/\/hemashellhounds.at\/wp-content\/uploads\/2021\/08\/IMG_2028.jpg","url":"https:\/\/hemashellhounds.at\/wp-content\/uploads\/2021\/08\/IMG_2028.jpg","contentUrl":"https:\/\/hemashellhounds.at\/wp-content\/uploads\/2021\/08\/IMG_2028.jpg","width":1000,"height":745,"caption":"admin"},"logo":{"@id":"https:\/\/hemashellhounds.at\/wp-content\/uploads\/2021\/08\/IMG_2028.jpg"},"sameAs":["https:\/\/hemashellhounds.at"]}]}},"_links":{"self":[{"href":"https:\/\/hemashellhounds.at\/index.php\/wp-json\/wp\/v2\/pages\/15","targetHints":{"allow":["GET"]}}],"collection":[{"href":"https:\/\/hemashellhounds.at\/index.php\/wp-json\/wp\/v2\/pages"}],"about":[{"href":"https:\/\/hemashellhounds.at\/index.php\/wp-json\/wp\/v2\/types\/page"}],"author":[{"embeddable":true,"href":"https:\/\/hemashellhounds.at\/index.php\/wp-json\/wp\/v2\/users\/1"}],"replies":[{"embeddable":true,"href":"https:\/\/hemashellhounds.at\/index.php\/wp-json\/wp\/v2\/comments?post=15"}],"version-history":[{"count":5,"href":"https:\/\/hemashellhounds.at\/index.php\/wp-json\/wp\/v2\/pages\/15\/revisions"}],"predecessor-version":[{"id":579,"href":"https:\/\/hemashellhounds.at\/index.php\/wp-json\/wp\/v2\/pages\/15\/revisions\/579"}],"wp:attachment":[{"href":"https:\/\/hemashellhounds.at\/index.php\/wp-json\/wp\/v2\/media?parent=15"}],"curies":[{"name":"wp","href":"https:\/\/api.w.org\/{rel}","templated":true}]}}